 highest common factor of 21 and q.
7
Suppose 0 = -59*s + 48*s + 924. Calculate the greatest common factor of s and 9744.
84
Let f = 11167 - 5651. What is the greatest common factor of 28 and f?
28
Suppose 48 = 85*k - 73*k. Suppose -477 = -4*j - m, -5*j - 3*m + 111 = -k*j. Calculate the greatest common divisor of 60 and j.
60
Suppose 7*o + 1029 - 1159 = -3*o. What is the highest common factor of o and 637?
13
Let g = -8420 + 9351. What is the greatest common divisor of 392 and g?
49
Let c be (-5 + 6)*5 + 0. Suppose -4*r + 2250 = c*y, 4*y = -4*r + 1707 + 93. What is the greatest common divisor of 50 and y?
50
Let b be ((-54)/3)/((-46)/(-391))*(1 + -6). Calculate the greatest common divisor of b and 81.
9
Let n(l) = -4*l**2 - 17*l + 9. Let v(p) = -p**2 - 2*p. Let m(w) = -n(w) + 3*v(w). Let u be m(-31). Calculate the highest common divisor of u and 13.
13
Let r = 175 + -170. Let l be (-3 + r)*-2*1*-18. Calculate the greatest common divisor of 576 and l.
72
Let p be -14 + (-990)/(-11) + -13. What is the highest common factor of 49 and p?
7
Let m(x) be the third derivative of x**5/60 + x**4/24 + 7*x**3 + 227*x**2. Let n be m(-6). Calculate the greatest common divisor of 63 and n.
9
Let p = 1852 + -1618. What is the greatest common divisor of p and 36?
18
Let r be (693/105 - (3 + -4))*(1 + 29). Calculate the greatest common divisor of 2356 and r.
76
Let o = 22 - 10. Let b be ((108/(-21))/(-6))/(5/140). Let n = b - o. What is the highest common divisor of n and 12?
12
Let s be (-1)/((-15)/(-10) - 2) - -35. Suppose -4*t - 21 = -5*i + 152, -i + s = -2*t. Calculate the highest common factor of 11 and i.
11
Let m(b) = -211*b - 4459. Let z be m(-22). Calculate the greatest common divisor of z and 81.
3
Let k be (-2)/4*-1*20. Suppose -k*g - 55 + 215 = 0. What is the highest common divisor of 1 and g?
1
Suppose -11*q - 451 - 521 = -65*q. Calculate the highest common factor of 2187 and q.
9
Suppose -2*o + 70 = -0*o. Suppose 2*x = 2*k - 42, -4*x - 2*k = 5 + 49. Let w(m) = -7*m + 28. Let r be w(x). What is the greatest common divisor of r and o?
35
Let s be ((-4)/(-32)*6)/((-18)/(-96)). Let h be -4*(-6 - (2 + s)). Calculate the greatest common factor of h and 30.
6
Let s = -303 + 309. Let m(a) = 4*a + 71. Let p be m(-17). Calculate the greatest common divisor of p and s.
3
Let x be ((1926/5)/(-3))/(48/160). Let h = x - -449. Calculate the greatest common divisor of h and 56.
7
Suppose -2*k - 5*v = -806, k + 3*v - 209 = 193. What is the highest common factor of 561 and k?
51
Suppose 29 + 21 = 2*h. Suppose 0 = 18*c + 17*c - 35. What is the greatest common factor of h and c?
1
Let w be (-11)/(-264)*186 - 2/(-8). What is the greatest common divisor of w and 428?
4
Suppose -4*g = -6*g - 10. Let c be 1/g - (3 + 252/(-35)). Suppose o + 1002 = c*p - o, -4*p = -4*o - 1012. Calculate the highest common factor of p and 62.
62
Let k be (-34)/(-9) - ((-50)/(-18) - 3). Suppose 4*t = k + 28. Suppose -4 = -10*c + t*c. What is the greatest common divisor of c and 18?
2
Let h(m) = 26*m**2 + m - 1. Let o be h(-1). Let j(y) = 3*y**2 - 52*y + 569. Let i be j(17). What is the highest common factor of o and i?
24
Let h(y) = 17*y**2 - 69*y + 16. Let f be h(4). Calculate the greatest common divisor of 294 and f.
6
Let g be ((-21)/9)/(3/(4 + -22)). Suppose g*q - 18*q = 16, -4*w + 3*q + 48 = 0. Calculate the greatest common divisor of w and 207.
9
Suppose -103*w + 2535 + 6531 - 2886 = 0. Let x be 8*-5*3/(-2). What is the highest common divisor of x and w?
60
Suppose 0 = -4*j + 3*v - 423, 3*j + 5*v - 425 = 7*j. Let f = -3 - j. Calculate the highest common factor of f and 153.
51
Let p = -277 + 415. Let a = 236 - p. Calculate the greatest common divisor of a and 70.
14
Let u(q) = 2*q**3 - 17*q**2 + 13*q - 10. Suppose -8*r + 32 = -4*r. Let c be u(r). Suppose -2 = z - 14. What is the greatest common divisor of c and z?
6
Let v(g) = 6*g + 43. Let p be v(-10). Let s(o) = 2*o + 52. Let a be s(p). Calculate the highest common divisor of 126 and a.
18
Let j = -3025 - -3048. Let c be (2 - (1 - -2) - -2)*1. What is the highest common divisor of c and j?
1
Let d(o) = o**2 + 20*o + 150. Suppose -4 = -2*k, 0 = j - 4*k + 6*k + 4. Let u be d(j). What is the highest common factor of 18 and u?
18
Suppose 56*w - 21 = 53*w, -2*t - 2*w + 3150 = 0. Calculate the greatest common divisor of 245 and t.
49
Suppose 9*g - 1078 = 344. Let s = g + -238. Let m be s/6*6/(-1). What is the highest common factor of 32 and m?
16
Suppose 3*g = 5*d - 10, -2*d = -3*g - 8 + 13. What is the highest common factor of 4145 and g?
5
Let r = 8 + 2. Let g = r + -25. Let s be 25*(36/g)/(-3). What is the highest common factor of 20 and s?
20
Suppose -5*w + w + 4*k + 200 = 0, -4*w + 160 = 4*k. Let h = w - 45. Let o = h + 36. What is the highest common divisor of 4 and o?
4
Let r = 165 - 305. Let u = 272 + r. What is the highest common divisor of u and 12?
12
Let k(x) = 13*x - 11. Let j be k(1). Suppose f = -j*f + 2*b + 265, -5*f + 5*b + 445 = 0. Calculate the highest common factor of f and 116.
29
Let k be -3 - (-15 - (0 + 2)). Let v = -367 + 544. Let s = 275 - v. Calculate the greatest common factor of s and k.
14
Suppose 5*k + 355 + 530 = 0. Let m = k + 267. What is the greatest common divisor of m and 45?
45
Suppose 2*u + 69 = -31. Let h = 52 + u. Let r be (h/(-16) - 0) + (-8645)/(-40). What is the highest common factor of r and 24?
24
Let d(k) = -k**2 + 26*k - 78. Let j be d(4). Suppose -22 - j = -8*y. What is the highest common factor of 5 and y?
1
Let a = -10331 - -10355. Suppose 2*m = -3*m + 320. What is the highest common factor of a and m?
8
Suppose 5*c = -25, -2*c - 912 = -3*z - 641. Calculate the highest common factor of 34191 and z.
87
Suppose 65*s = -x + 70*s + 1390, 0 = -6*x - s + 8340. What is the greatest common divisor of 70 and x?
10
Suppose -2*z = 4*a - 36, -z + 5*z + 4*a - 56 = 0. Let w be (-2)/4 - (-55)/z. Let d = w - -8. Calculate the highest common divisor of d and 26.
13
Let v(c) = c**3 - 56*c**2 + 162*c - 191. Let f be v(53). Let w be -1 + 94 - (-1)/(-1). Let r = f + w. Calculate the highest common factor of 15 and r.
15
Let g = 1100 + -2079. Let y = g + 1438. What is the greatest common divisor of y and 17?
17
Let y(a) = 13*a + 2. Let p be y(2). Let u(z) = z**3 + 22*z**2 + 105*z - 12. Let m be u(-12). What is the highest common factor of p and m?
28
Let n be (2 - -25)*3/9. Suppose 5771 = 4*g + 3*q, -n = 4*q - q. What is the highest common divisor of 85 and g?
85
Let m be 68 - (-30)/15*4. What is the highest common divisor of 3154 and m?
38
Let o(w) = w**2 - 20*w - 89. Let l(y) = y**2 - 10*y - 94. Let i be l(17). Let p be o(i). What is the greatest common factor of p and 3?
3
Let r be (17 + -2)/((-168)/34 - -5). Suppose 0 = 25*a - 1995 - r. Calculate the highest common divisor of 135 and a.
45
Suppose 101217 = 68*y - 43215. Calculate the highest common factor of y and 30.
6
Let c(t) = t**3 - 92*t**2 - 263*t - 322. Let a be c(95). Calculate the greatest common factor of a and 364.
52
Let h be ((-342)/4)/(11 - 537/48). Suppose 7*v + h = 13*v. What is the highest common factor of v and 19?
19
Suppose 157*t = 183*t - 260. Suppose -12*n - 72 = -2*c - t*n, -c + 5*n + 52 = 0. Suppose -410 = -3*w - 26. What is the greatest common factor of c and w?
32
Let m be 108/(-30)*(-9)/(45/1775). Calculate the greatest common divisor of 12 and m.
6
Let h be (9806 + -6)/7 + (-16)/4. Let c = h - 712. What is the highest common divisor of 76 and c?
76
Let p = 172 - 175. Let g be -1*26*p*1/3. Suppose -3*i + 253 = -137. What is the highest common divisor of g and i?
26
Let q = 12 - 4. Let u(z) be the first derivative of z**3/3 + 2*z**2 - 26*z + 630. Let c be u(q). Calculate the highest common factor of c and 28.
14
Let o = -164 - -460. Let f = o - 244. What is the greatest common factor of f and 65?
13
Let g = -1608 + 897. Let v be (-464)/(-18) - 158/g. What is the greatest common divisor of v and 143?
13
Suppose s = -4*v + 325, 3*v - s + 405 = 8*v. Suppose 0 = -v*m + 84*m. Suppose m = 8*u + 10*u - 486. What is the highest common factor of 9 and u?
9
Let d = -17538 - -19599. Calculate the greatest common factor of 27 and d.
9
Suppose 8*c = 3550 + 2858. Calculate the greatest common divisor of 1 and c.
1
Let n be 33 + 102170/1054 